?
137
Calculate the highest common factor of 1510447 and 265.
53
What is the highest common factor of 1605896 and 16?
8
Calculate the highest common divisor of 648 and 21672.
72
What is the greatest common divisor of 85738 and 1630?
326
What is the greatest common factor of 265 and 7065?
5
Calculate the highest common divisor of 6864 and 65.
13
Calculate the greatest common factor of 2385950 and 238.
238
Calculate the greatest common factor of 205 and 27757.
41
What is the highest common divisor of 333 and 52137?
9
What is the highest common factor of 26708 and 22?
22
What is the highest common factor of 2276 and 132?
4
Calculate the greatest common factor of 7 and 224.
7
What is the greatest common divisor of 413 and 2485?
7
What is the highest common divisor of 254 and 526?
2
Calculate the greatest common factor of 7875 and 134400.
525
What is the highest common factor of 37642 and 51678?
638
Calculate the highest common divisor of 1639 and 66.
11
What is the greatest common factor of 16328 and 43368?
104
Calculate the greatest common factor of 130293 and 1023.
93
Calculate the highest common factor of 334 and 672342.
334
What is the highest common divisor of 90198 and 72?
18
What is the highest common divisor of 437912 and 86?
86
What is the highest common divisor of 8 and 148744?
8
Calculate the greatest common factor of 42 and 24522.
6
What is the greatest common factor of 24570 and 320?
10
Calculate the greatest common factor of 396 and 121.
11
What is the highest common factor of 364 and 868?
28
What is the highest common factor of 20040 and 8040?
120
Calculate the highest common factor of 68 and 7361.
17
What is the highest common factor of 77319 and 1122?
33
What is the greatest common divisor of 3078 and 950?
38
What is the greatest common factor of 129568 and 256?
32
Calculate the highest common factor of 238760 and 250040.
1880
What is the greatest common divisor of 20 and 37665?
5
What is the highest common factor of 50996 and 10004?
244
Calculate the greatest common factor of 300 and 38625.
75
Calculate the highest common factor of 54130 and 10.
10
What is the highest common divisor of 63 and 88956?
63
What is the greatest common factor of 1665 and 4545?
45
Calculate the greatest common factor of 2511249 and 78.
39
Calculate the highest common factor of 59873 and 792.
11
Calculate the greatest common divisor of 48 and 40764.
12
Calculate the highest common factor of 240669 and 363.
363
What is the highest common factor of 223284 and 92?
92
What is the highest common divisor of 1248 and 80480?
32
Calculate the greatest common factor of 289070 and 3587.
211
What is the highest common divisor of 272789 and 55?
11
Calculate the highest common factor of 71940 and 8938.
218
What is the highest common divisor of 50 and 377950?
50
Calculate the highest common divisor of 224 and 1740564.
28
Calculate the highest common factor of 12985 and 12455.
265
What is the greatest common divisor of 216 and 973188?
108
What is the highest common divisor of 6 and 59952?
6
What is the greatest common divisor of 558 and 69936?
186
Calculate the greatest common factor of 27174 and 84.
42
What is the greatest common divisor of 2224 and 9584?
16
Calculate the highest common divisor of 1275 and 3767200.
425
Calculate the greatest common factor of 57812 and 2716.
388
What is the highest common factor of 31 and 945717?
31
What is the greatest common factor of 520 and 20644?
52
What is the highest common factor of 12 and 24909?
3
What is the highest common divisor of 237941 and 1067?
1067
Calculate the greatest common divisor of 125291 and 349.
349
Calculate the highest common factor of 1005 and 69144.
201
What is the highest common factor of 71248 and 219?
73
What is the greatest common divisor of 242386 and 51?
17
Calculate the greatest common factor of 3691 and 63.
1
What is the greatest common divisor of 637 and 67899?
13
What is the greatest common divisor of 234 and 3447?
9
Calculate the greatest common divisor of 89156 and 248.
124
What is the greatest common divisor of 38 and 453036?
38
Calculate the greatest common factor of 5570 and 260.
10
Calculate the highest common factor of 12 and 1205934.
6
What is the highest common divisor of 30875 and 3025?
25
What is the highest common factor of 52245 and 1965?
15
Calculate the highest common divisor of 665 and 1776481.
133
Calculate the highest common divisor of 86 and 870535.
43
Calculate the greatest common factor of 102 and 2331618.
102
What is the greatest common factor of 60591 and 114?
57
Calculate the greatest common divisor of 138 and 27968.
46
What is the greatest common divisor of 48 and 9156?
12
What is the highest common factor of 336 and 65352?
168
Calculate the greatest common divisor of 4163 and 17557.
181
Calculate the highest common divisor of 132 and 35442.
66
What is the highest common divisor of 57 and 2641?
19
Calculate the highest common divisor of 11 and 53262.
11
What is the highest common factor of 1729 and 9443?
133
Calculate the greatest common factor of 273 and 5226.
39
What is the highest common factor of 20050 and 150?
50
Calculate the highest common factor of 56275 and 725.
25
What is the greatest common factor of 1697976 and 162?
54
What is the greatest common factor of 287033 and 1197?
19
Calculate the greatest common factor of 232 and 208481.
29
What is the greatest common divisor of 11496 and 12?
12
Calculate the greatest common factor of 340352 and 256.
128
Calculate the greatest common factor of 1524 and 720.
12
What is the greatest common factor of 43667 and 767?
13
Calculate the highest common factor of 32 and 74348.
4
What is the highest common factor of 1286722 and 326?
326
What is the greatest common factor of 185877 and 1539?
171
What is the greatest common divisor of 5115 and 5022?
93
Calculate the greatest common divisor of 85050 and 25758.
486
Calculate the greatest common factor of 6405 and 41580.
105
What is the highest common divisor of 7913 and 14282?
193
What is the greatest common factor of 3437127 and 81?
27
Calculate the highest common divisor of 64 and 6544.
16
Calculate the highest common divisor of 51909 and 1677.
39
What is the highest common divisor of 40 and 183800?
40
What is the greatest common divisor of 11917 and 25937?
701
Calculate the highest common factor of 126 and 872.
2
What is the highest common factor of 2331 and 55537?
37
What is the highest common divisor of 21622 and 1140?
38
Calculate the greatest common factor of 2167 and 401486.
197
What is the highest common divisor of 104822 and 68?
34
What is the greatest common divisor of 205257 and 494?
247
What is the greatest common divisor of 2640 and 36630?
330
What is the greatest common divisor of 126431 and 717?
239
Calculate the highest common divisor of 2882 and 12838.
262
Calculate the greatest common divisor of 262 and 9054458.
262
Calculate the greatest common divisor of 55 and 173283.
11
What is the greatest common factor of 44750 and 50?
50
Calculate the greatest common divisor of 287 and 134309.
7
What is the greatest common divisor of 1000 and 14275?
25
Calculate the highest common divisor of 1634468 and 11052.
1228
Calculate the highest common factor of 112863 and 34.
17
What is the highest common factor of 2200 and 430540?
220
What is the highest common factor of 28 and 67004?
28
Calculate the highest common divisor of 2293387 and 1004.
251
Calculate the highest common divisor of 32581 and 2604.
31
What is the highest common factor of 26353 and 657?
73
What is the greatest common divisor of 9835 and 5058?
281
What is the highest common divisor of 1128 and 264?
24
Calculate the highest common divisor of 279 and 293229.
279
Calculate the highest common factor of 234164 and 21.
7
Calculate the greatest common divisor of 16 and 82556.
4
Calculate the highest common divisor of 617799 and 3255.
651
What is the greatest common divisor of 20 and 8192?
4
What is the highest common divisor of 1425 and 375?
75
Calculate the highest common factor of 28980 and 178920.
1260
Calculate the greatest common factor of 1120 and 1645.
35
What is the greatest common divisor of 9654 and 374?
2
Calculate the highest common factor of 47921 and 554.
277
What is the highest common divisor of 10